.
251
Calculate the remainder when 38712541 is divided by 28.
21
What is the remainder when 682650991 is divided by 597?
595
Calculate the remainder when 185454 is divided by 335.
199
What is the remainder when 7300707 is divided by 647?
606
Calculate the remainder when 1571800 is divided by 21830.
40
Calculate the remainder when 331697 is divided by 7104.
4913
What is the remainder when 800729 is divided by 105?
104
Calculate the remainder when 221332 is divided by 1661.
419
What is the remainder when 24364933 is divided by 38?
17
Calculate the remainder when 401133 is divided by 5417.
275
What is the remainder when 23215534 is divided by 72?
70
Calculate the remainder when 5608444 is divided by 1115.
1109
What is the remainder when 2298742 is divided by 11323?
173
What is the remainder when 222541 is divided by 91?
46
Calculate the remainder when 3052774 is divided by 19.
6
Calculate the remainder when 4705966 is divided by 2526.
28
Calculate the remainder when 1837871 is divided by 918878.
115
What is the remainder when 46794346 is divided by 15?
1
Calculate the remainder when 69434 is divided by 22562.
1748
Calculate the remainder when 4711785 is divided by 53543.
1
Calculate the remainder when 268316388 is divided by 967.
964
What is the remainder when 4585229 is divided by 1170?
1169
Calculate the remainder when 43477 is divided by 4268.
797
What is the remainder when 6337526 is divided by 633750?
26
Calculate the remainder when 417706 is divided by 17824.
7754
Calculate the remainder when 787865 is divided by 696.
689
Calculate the remainder when 4422075 is divided by 5008.
11
What is the remainder when 5591309 is divided by 1863768?
5
What is the remainder when 2024503 is divided by 224936?
79
Calculate the remainder when 52659 is divided by 2197.
2128
What is the remainder when 2094634 is divided by 221?
217
Calculate the remainder when 498072970 is divided by 857.
853
Calculate the remainder when 6380 is divided by 450.
80
Calculate the remainder when 107328 is divided by 7661.
74
What is the remainder when 201525 is divided by 2036?
1997
Calculate the remainder when 1309859 is divided by 436609.
32
Calculate the remainder when 11368188 is divided by 231.
216
Calculate the remainder when 1124133 is divided by 1301.
69
What is the remainder when 472357 is divided by 842?
837
Calculate the remainder when 5428783 is divided by 871.
711
What is the remainder when 6291508 is divided by 8714?
0
What is the remainder when 5076786 is divided by 504?
498
Calculate the remainder when 388274 is divided by 1673.
138
What is the remainder when 1077480 is divided by 41371?
1834
What is the remainder when 34145 is divided by 25?
20
Calculate the remainder when 51824015 is divided by 75.
65
Calculate the remainder when 239300 is divided by 9104.
2596
Calculate the remainder when 658784 is divided by 658506.
278
What is the remainder when 65145 is divided by 15303?
3933
What is the remainder when 5920113 is divided by 619?
616
Calculate the remainder when 635578 is divided by 563.
514
What is the remainder when 2864819 is divided by 151?
47
Calculate the remainder when 124775252 is divided by 4621305.
17
What is the remainder when 146035145 is divided by 3052?
3049
What is the remainder when 269454 is divided by 6634?
4094
Calculate the remainder when 103374 is divided by 563.
345
What is the remainder when 3730331 is divided by 492?
479
What is the remainder when 44417627 is divided by 45?
17
Calculate the remainder when 544237 is divided by 383.
377
Calculate the remainder when 689979 is divided by 344905.
169
What is the remainder when 42195722 is divided by 570212?
34
Calculate the remainder when 33293743 is divided by 16646870.
3
What is the remainder when 1144761 is divided by 11218?
525
What is the remainder when 91114 is divided by 524?
462
What is the remainder when 41096567 is divided by 59?
58
Calculate the remainder when 185954 is divided by 37108.
414
What is the remainder when 5336960 is divided by 43040?
0
Calculate the remainder when 144096 is divided by 70.
36
What is the remainder when 16222141 is divided by 578?
571
What is the remainder when 204232 is divided by 68075?
7
What is the remainder when 152732509 is divided by 2134?
2129
Calculate the remainder when 483354 is divided by 85.
44
What is the remainder when 2951165 is divided by 30741?
29
Calculate the remainder when 4809728 is divided by 37.
24
What is the remainder when 10457974 is divided by 746994?
58
What is the remainder when 5714486 is divided by 27342?
8
Calculate the remainder when 2858592 is divided by 982.
972
Calculate the remainder when 26829478 is divided by 979.
962
Calculate the remainder when 26321 is divided by 2095.
1181
What is the remainder when 51717 is divided by 2607?
2184
Calculate the remainder when 9863207 is divided by 22622.
15
Calculate the remainder when 3993113 is divided by 71305.
33
Calculate the remainder when 2467585 is divided by 3213.
1
Calculate the remainder when 223053 is divided by 35774.
8409
Calculate the remainder when 808205 is divided by 37.
14
Calculate the remainder when 36668 is divided by 1781.
1048
What is the remainder when 749799 is divided by 7651?
1
Calculate the remainder when 936198 is divided by 29255.
38
Calculate the remainder when 2195014 is divided by 9888.
9766
What is the remainder when 3302998 is divided by 298?
264
Calculate the remainder when 234383668 is divided by 52.
12
What is the remainder when 633898 is divided by 158465?
38
Calculate the remainder when 641690 is divided by 641661.
29
What is the remainder when 7547687 is divided by 943437?
191
What is the remainder when 231213 is divided by 1574?
1409
What is the remainder when 45749118 is divided by 33?
30
Calculate the remainder when 7852287 is divided by 861.
828
What is the remainder when 2449114 is divided by 163274?
4
Calculate the remainder when 4041039 is divided by 192430.
9
What is the remainder when 1294823 is divided by 1918?
173
Calculate the remainder when 15951 is divided by 6647.
2657
What is the remainder when 79675108 is divided by 584?
572
Calculate the remainder when 193973487 is divided by 19397348.
7
Calculate the remainder when 27384699 is divided by 1.
0
What is the remainder when 1043777 is divided by 130472?
1
What is the remainder when 157110 is divided by 39269?
34
Calculate the remainder when 1416041 is divided by 283158.
251
What is the remainder when 1116699 is divided by 186116?
3
What is the remainder when 216952 is divided by 11774?
5020
What is the remainder when 472762 is divided by 236279?
204
What is the remainder when 6422782 is divided by 6635?
102
What is the remainder when 687025 is divided by 32681?
724
Calculate the remainder when 16991776 is divided by 1213697.
18
What is the remainder when 186878 is divided by 186858?
20
Calculate the remainder when 17172 is divided by 2849.
78
Calculate the remainder when 2814130 is divided by 145.
115
Calculate the remainder when 882907 is divided by 882887.
20
Calculate the remainder when 46543 is divided by 19.
12
Calculate the remainder when 193647 is divided by 940.
7
What is the remainder when 101161467 is divided by 22?
11
What is the remainder when 7752 is divided by 7085?
667
What is the remainder when 7025140 is divided by 123?
118
What is the remainder when 1580004 is divided by 1685?
1159
What is the remainder when 661917 is divided by 220593?
138
Calculate the remainder when 182179 is divided by 560.
179
What is the remainder when 130856 is divided by 13083?
26
What is the remainder when 5857 is divided by 2960?
2897
Calculate the remainder when 6135022 is divided by 5208.
5206
Calculate the remainder when 1088077 is divided by 251.
243
Calculate the remainder when 306869 is divided by 13340.
49
Calculate the remainder when 3381588 is divided by 845378.
76
What is the remainder when 3094783 is divided by 28?
27
What is the remainder when 217683 is divided by 108765?
153
What is the remainder when 385686 is divided by 2216?
102
What is the remainder when 9441828 is divided by 12?
0
What is the remainder when 373120901 is divided by 2197?
2194
What is the remainder when 379557 is divided by 70?
17
What is the remainder when 61115874 is divided by 103?
0
C